36 - -7) + ((14 - 17) + 8 - 9)
-35
What is the value of (7 - (-9 + 2 + (-17 - -28))) + 32 + -10?
25
0 + -2 - (-24 - -9) - (47 - (4 + -8))
-38
What is -2 - (-3 - -1 - -8) - (121 + -163 + 85)?
-51
Evaluate (138 - 183) + (-3 - (4 - 2)) + 7.
-43
Evaluate (-11 - (0 + 7 + -7 + -1) - -7) + 57.
54
What is the value of 34 + 27 + -4 - 44?
13
Evaluate (-7 + (15 - 1) - 28) + 48.
27
Calculate 109 + -55 + -104 - -28.
-22
Calculate (-3 - 1) + -136 + 156 + -43.
-27
What is the value of 45 + (-43 - 10 - -10)?
2
What is (-18 - (2 + -1 - (-10 - 0))) + 9?
-20
What is 7 + (33 - ((-11 - -56) + -3))?
-2
-352 + 347 - (3 + (-2 - 67))
61
What is 34 - ((23 - (8 + 2)) + -10) - (-5 - -3)?
33
Calculate 28 + 6 + -6 + -13 + (26 - (-2 + 16)).
27
Evaluate (-24 - (-25 + -2 + -3)) + 10.
16
7 - (4 + -4 - (-23 - -24)) - 7
1
Calculate (1 + 0 - (41 + 27 + -68)) + 8.
9
Evaluate 7 + (-36 + -10 - 10) + 4 + 0 + -10.
-55
116 - 67 - -71 - 70
50
What is 0 + (-2 - 60) - (-5 - (6 + -38 + 18))?
-71
What is the value of (-4 + (-4 - -2) - (-2 - 102)) + (22 - 25)?
95
What is the value of 17 - (-50 + 26 - -62)?
-21
What is the value of -19 + (139 - 123) + (0 - 0)?
-3
What is -176 - (-130 - 25) - (-92 - 0)?
71
1 - 43 - (3 + 0) - (-30 + -19 + 50)
-46
-7 + 11 + 12 + (13 - (4 + 21)) + 44
48
What is the value of 39 - (7 - (2 + (16 - 12)) - (0 - 8))?
30
Calculate 8 + 1 - (-34 + 24 + (37 - 21)).
3
What is 0 + (8 + 21 + -7 + -9 - (0 - 4))?
17
(31 - 42 - 19) + 10
-20
What is -3 + -1 + (-21 - (-43 + 1))?
17
What is 16 + (-51 + 51 - (0 + 3 + -3) - 5)?
11
What is (-25 - 13) + (-16 - -20) + 4?
-30
What is the value of -585 - -723 - (24 + 2)?
112
Calculate -22 + (22 - (7 + 12)) - -9 - (-6 + 3).
-7
Evaluate 69 - (17 + (-11 + 28 - 23) + -15).
73
What is the value of 1 + 9 + (590 - 606)?
-6
(-245 - -256) + 1 + -14 - 28
-30
What is (11 - (52 - 10)) + 38 + (-68 - -39)?
-22
What is the value of -111 + (-71 + 44 - -97)?
-41
2971 + -2769 - (4 + 86)
112
Evaluate 45 - (70 + -10) - (25 - 2).
-38
Calculate -376 - -374 - (-6 - (4 + -7) - -8 - -24).
-31
Evaluate 66 + (10 - (7 + 11 - 5)) + -8.
55
93 + -136 + 61 - -53
71
Evaluate -3 + 1 + 1 + (-22 - 15) + 0 + 5.
-33
Calculate 7 - (-9 + 0 + 22 + -45 + 21).
18
-16 + 12 + 2 - -13 - (28 + -7) - -60
50
What is (4 - (9 - 6)) + 16 + (-9 - (-9 + -9))?
26
What is 4 + 40 + (110 - 92) + -8?
54
What is (-20 - -44) + 37 - (60 + -35)?
36
0 - 43 - (82 + -186 + 116)
-55
-82 + (121 - 34) - (1 - 10)
14
Calculate (-4 - (2 + 4)) + -1 - (49 - (63 - 10)).
-7
What is (-163 - -40 - 58) + 79?
-102
Evaluate (-57 + 34 - -21) + 33.
31
Evaluate (82 - (-104 - -106)) + (1 - 22).
59
Evaluate 55 + -2 - (339 - 252).
-34
Evaluate 10 - (27 + (-26 - -20)) - -23.
12
Calculate (-1 - -90) + 453 + -502.
40
What is 0 + -10 - ((52 - (6 + -10 + 10)) + 14)?
-70
-11 + (45 - 36) + -5 + -5 + 21
9
What is 23 + -37 + 2 + -20?
-32
What is the value of (21 - (9 - 10)) + 0 + 1 + 11?
34
Evaluate -201 + 94 + 121 + -85.
-71
Evaluate 89 + (-70 - -6) - -40.
65
Evaluate (-77 - (10 - (-26 - -35))) + 2.
-76
Evaluate -109 + -37 + (16 - (37 - 50)).
-117
Calculate 6404 + -6591 - (-145 + -1).
-41
23 - 128 - (-151 + 118)
-72
-31 - -34 - 28 - -49
24
Calculate 11 - 4 - (-6 + 0 - (-65 - -81)).
29
What is the value of -10 - (-36 + 32) - 2 - -12?
4
Evaluate (20 + -27 + 18 - 15) + 46.
42
What is 13 + 13 + (-20 - -7) + (1 - 94)?
-80
(1 - -4) + (-87 - -65) + 17 + -44 + -1
-45
What is -18 + (-39 + 4 - -142)?
89
Evaluate -27 - (-40 + -1 + -303 + 274).
43
Evaluate -39 + 2 + 231 + -160 - -83.
117
What is the value of 1 + -4 - (-46 + -1) - (-3 - (32 - 29))?
50
What is the value of (-12 - 43 - -5) + 25?
-25
Evaluate 1824 + -1803 - (-1 - 1 - (1 - 16)).
8
What is (7 + -6 + 6 - (-1 - -111) - -2) + -3?
-104
17 + -25 + -4 + 27 + 6
21
-79 + 34 + (23 - -19) + -57
-60
What is the value of -14 - (4 - 17) - (-3 + (-2 - -30))?
-26
225 + -97 + -57 + -138
-67
Calculate (-10 + -7 - -17) + (-21 - (4 + (-2 - -2))).
-25
What is the value of (25 + -14 - 34 - 27) + -16?
-66
(6 - (-3 + 4)) + 3965 + -4013
-43
Calculate (20 - 105) + -125 + 189.
-21
What is 3 - -36 - (-1 + -5 + -6)?
51
What is the value of 4 - 1 - ((2 - 23) + -8 + (91 - 15))?
-44
What is -17 - (9 + -47 + 23 + 14 + -4)?
-12
1 + -50 - (1084 + -1109)
-24
What is the value of 36 + (-112 - (-54 + 38))?
-60
What is (65 + -41 - 25 - -23) + -32?
-10
35 + -242 + 86 + 173
52
What is 6 + (-3 - -4) - (-3 - -11 - -71)?
-72
What is 41 - 24 - (8 - (6 - -2) - -18)?
-1
What is 66 - -1 - -2 - (399 - 414)?
84
11 - ((15 + -23 - 1) + (0 - 15))
35
Calculate (-5 - -58) + (20 - 15) + (-1 - -6) + -5.
58
Evaluate -766 + 817 + (35 - 1) + (-14 - 0) + 1.
72
What is the value of (-762 - -789) + (2 - 95)?
-66
-35 + (-11 - (-11 + 3 + -16 + 5 + 8))
-35
-6 + -6 + -52 + 21 + -17
-60
What is the value of -102 - (-5 + (-78 - -75))?
-94
What is 10 - (-68 - -134 - 79)?
23
Evaluate (-4 - 4) + (-30 - -28) + -24.
-34
What is 10 + -10 - (-1 - 28) - (-14 + -2 - -17)?
28
Calculate (-43 - (18 - 6 - 14)) + -5.
-46
What is (33 - -3) + (-55 - -22 - -17)?
20
Calculate -3 + 5 + 92 - (-1182 - -1195).
81
Calculate (-63 - -66) + 4 + (0 - 8).
-1
What is -4 + 8 - (1 + -2 - (-2 + 42))?
45
Evaluate 83 - 6 - (27 - -107).
-57
What is 38 + 32 + -29 + (4 - 3) + 1?
43
Evaluate 8 - 70 - ((-47 - -62) + 1 + -27) - 12.
-63
What is the value of -224 + (236 - 13) - (-2 + 1 - (3 - -55))?
58
((-42 - -2) + 36 - (3 + 6)) + -83
-96
12 + (4 - (0 + 8 - 67 - (-2 - 14)))
59
What is -5 + (0 - -1) - 4 - (49 - 90)?
33
Evaluate 25 - (-21 - (-31 - (-14 + -5))).
34
-12 - ((21 - 3) + -20 + -1) - (-6 - -25)
-28
Evaluate -13 - -3 - (42 - -8 - 21).
-39
Evaluate -1319 - -1296 - (-4 - (0 - -9)).
-10
Evaluate 7 + -21 - ((-5 - 0) + -55 - -12).
34
Calculate 23 + -6 + 6 + -33 + 73.
63
Evaluate 7 + 8 + (19 - (2 + 3 + 60)).
-31
What is -8799 - -8850 - (2 - 0 - (1 + 10))?
60
What is 4 + (2 - -163 - 42) + -19?
108
6 - ((-1 - (1 + -1)) + -723 + 717)
13
Calculate -22 + ((-173 - -160) + (15 - 1) - -75).
54
(-33 - -31) + (5 - (1 + 5 - 3) - -73)
73
Evaluate 14 + (-18 - (4 + 51 + 5 + -16)).
-48
Evaluate -10 + (-24 - -3) + (-11 + 7 - 13).
-48
Evaluate -30 - (74 - (18 - 9)).
-95
What is -63 + -94 + 80 + -54?
-131
Calculate 8 + -56 + (31 - -37).
20
Evaluate (-20 - 2) + 22 + (-8 - -4) + 0 + 80.
76
-100 - (18 - (-40 - -51 - (-3 - -17)) - 11)
-110
What is the value of 21 + -52 + 0 + -18 + 37?
-12
What is the value of (-5 - -105) + -9 + 1 + 1 + -37 + 21?
77
-72 + -63 + (28 - -22)
-85
What is the value of 11 + 12 + -2 + (14 - (26 + -18 - -95))?
-68
Evaluate -5 + (135 + -111 - (-1 + 11)) + 37.
46
(-18 - -3) + (651 - 600)
36
-43 + (59 - 15) + -76 + (2 - 2)
-75
What is -127 + 108 + (-7 - -17) + 86?
77
Evaluate (-17 - (-18 + (-14 - -29))) + 16.
2
0 - (-6 - (11 - 25)) - (-16 + 77)
-69
What is 37 - -5 - (-111 + 55 + 26)?
72
1 - 2 - 36 - (-722 - -701)
-16
Calculate (7 - (91 - 4)) + -10 + 15 + (15 - 16).
-76
Calculate -68 - (2 + -11 + (43 - 3) + -32 + -1).
-66
Evaluate 41 + 1 + -74 + (75 - 3).
40
What is the value of -55 + (-102 + 287 - 78)?
52
(-48 - 3) + 18 + -38 + 27
-44
What is -3 + 34 + 22 + (-6 - -9)?
56
Calculate -123 + (42 - -102) - (7 - 0).
14
Calculate 36 + (11 - 6 - (-6 + 4 - (-10 + 8))).
41
9 - (-15 + 10 - 4) - -2 - 6
14
What is -39 + 107 + 10 + -13 + 8?
73
-53 - (25 - (37 - -2))
-39
Evaluate -2 - 0 - 27 - (-16 - -51 - 28).
-36
What is -14 + 10 + 6 + -7 + (12 - -3) - 75?
-65
77 + -11 + -113 - (6 + 9 + -4)
-58
-10 + ((0 - -3) + -6 + -10 - -3)
-20
-74 - (-146 - 34 - -60)
46
What is 20 + (42 - (29 + 9))?
24
Evaluate (23 - 11) + (-29 - -12) - 23.
-28
Calculate 8 + -219 + 79 + 57.
-75
Evaluate 62 + (31 - (22 + (-26 - -14))) + -4.
79
Calculate (63 - 47) + (9 - (1 + -1 + 0)).
25
Evaluate 6 + 9 + (-23 - 3) + 48.
37
Calculate -25 + (-20 - 1 - ((-47 - 14) + 2)).
13
Evaluate (-24 - -15 - 7) + (2 - -13 - 6) + -37.
-44
What is 43 + -2 + (0 - 17) + 70 + -46?
48
Evaluate 2 + -7 + ((16 - 15) + 27 - 22).
1
35 - (43 - (12 - -19)) - -84
107
Evaluate 19 + (-46 - 77) - -48.
-56
What is the value of 25 - (130 - -1 - (1372 + -1324))?
-58
Evaluate -52 + 11 + 1 + 10 - (2 + -8 + 1).
-25
10 + (71 - 37) + (-1 - 6 - 3)
34
Calculate -3 + 0 + (39 - 34) + -7 - (-27 - -72).
-50
0 - -44 - (-3711 + 3775)
-20
Calculate 16 + -69 + 94 - -8.
49
What is the value of (8 - -1) + -120 + (13 - -31)?
-67
What is -26 + 3 - ((-11 - (-6 + 1)) + -13 + 27)?
-3